 + 14 - -5.
-10
What is the value of (10 - -11) + -6 + 0?
15
(-11 + 1 - (-35 - -42)) + 3
-14
Evaluate 2 - (1 + 0 - 7) - (181 + -174).
1
Evaluate (2 - 9) + (107 - 90) + (0 - -5).
15
What is -7 + 9 + (21 - ((4 - 7) + 7))?
19
-8 - (-6 - 4 - (-9 + 9))
2
What is the value of (12 - 3) + 96 + -106 + -7?
-8
Evaluate -12 + (-2 - 12) + 35.
9
-22 - 2 - -15 - (-1 + 2)
-10
What is 19 + -1 + 61 + -73?
6
-8 - (-11 + 10 - (-2 - 3))
-12
What is the value of -27 + (1 + (1 - -5) - (-10 - -14))?
-24
What is -1 + 2 + -8 - (107 + -106)?
-8
Calculate 12 + (-2 + 1 - (-4 + 11)).
4
Calculate 0 - -22 - (-299 - -307).
14
What is (6 - (-4 + 0 - -18)) + (0 - -19)?
11
Calculate 10 + (-7 - -4) + -6 - -20.
21
What is -57 + 36 - -26 - -6?
11
What is the value of -26 + (5 - -24) - -5?
8
Evaluate 137 + -141 + -2 + -2.
-8
What is 10 + 5 + (8 - (-8 + 10)) + -14?
7
-20 + (-9 - -41) - -1
13
-1 + 4 + 194 + -217 + 0 + 4
-16
(-19 - (-1 - 18)) + -1
-1
What is the value of (-2 - (13 - 0)) + -31 + 16?
-30
What is 1 + -3 + 17 + -15?
0
(2 - (3 + 5 + (-5 - -7))) + 35
27
What is -1 + 4 - 2 - (-1 + -7)?
9
What is the value of 14 + -33 + 6 + 6 + 11?
4
What is (1 - 7) + -49 + 55?
0
Evaluate -10 + (8 - (14 + -23)).
7
What is the value of -1 - (12 - (7 - -5)) - (-9 - 3)?
11
Evaluate (-8 - (0 - (4 - 4))) + -181 + 182.
-7
(424 - 455) + (21 - -1)
-9
Evaluate (-14 - (-20 - -16)) + 3.
-7
What is the value of 3 + 6 + -8 - (-1 - -1)?
1
What is the value of (-20 - ((2 - 2) + -4)) + 4?
-12
What is -30 - (2 + -12 + (4 - -5))?
-29
8 - 0 - (-1 + -12 - (-372 + 362))
11
33 + (7 - (15 - (16 + -8)))
33
-36 + 52 - (14 - 1)
3
What is the value of (-159 - -152) + 15 + -1 - (-8 - 0)?
15
Calculate 5 + (1 + 6 - (21 + -21)).
12
What is the value of 29 - (-11 - (-9 + 9 + -11)) - -1?
30
What is the value of 25 + -19 + (16 - 2) - 8?
12
Evaluate (-15 - -16) + (-4 - 0 - 3).
-6
-12 - (-10 + 28 + -26)
-4
Evaluate -9 + (3 - (1 + 4) - (10 - -6)).
-27
Evaluate 24 - (16 - 17 - (3 - 3)) - 9.
16
Evaluate -14 - ((10 - 7) + -7 + 3 + -1).
-12
Calculate (12 - (12 + -4)) + -1 + (-2 - -3).
4
16 - -1 - (3 + 19 - 17)
12
11 - 16 - -3 - (-3 + 12)
-11
Calculate -9 + -1 - (-10 + 4 - 4).
0
What is (14 + 11 - 22) + 0 + 3?
6
Evaluate -3 + 9 + -9 + 3 + 29 + 0.
29
Evaluate -1 + -3 - (5 - 15) - (-73 + 74).
5
What is the value of 10 + -57 + 40 + 3?
-4
Evaluate 2 - (19 - (9 + -1 - 4)).
-13
Evaluate 15 - ((-5 - 2) + -49 + 38 + 12).
21
Calculate -8 - (-11 - -4 - (1 - 0)).
0
Calculate 7 - (21 + -13 + 7).
-8
What is the value of (6 + 8 - 8) + (-2 - (-3 - 2))?
9
What is the value of 6 + (-100 - -24) + 34?
-36
Evaluate (-9 - (9 - 11)) + (-3 + 8 - -1).
-1
Calculate (-72 - -65 - (-8 - (-1 + 2))) + -4.
-2
What is the value of (-13 - -4) + 6 + 12 + -18?
-9
Evaluate 8 + (3 + -3 - -8) - 0.
16
What is -1 - (23 - (22 + -24))?
-26
What is the value of 2 + (1 - -10) + 2 - (-216 + 215)?
16
(-51 - -35) + 47 + -23
8
Calculate -5 - (-3 + 3 + -11) - (21 + -8).
-7
What is the value of 2 - (-6 + 3 + 0) - (6 - -7)?
-8
What is 8 - (8 + (-27 - 1) + 12)?
16
Evaluate -10 + 7 - -25 - 18.
4
Calculate -6 - (-2 + 39 - (209 + -192)).
-26
What is the value of -1 - 4 - (647 - 665)?
13
Calculate (1 - -3) + 8 + (12 - 26).
-2
Evaluate 20 - ((-51 - -23) + 52).
-4
What is the value of (78 - 91) + (1 - (-10 + 0))?
-2
Evaluate -1629 - -1631 - ((2 - 2) + 16).
-14
Evaluate 12 - (-5 + 11) - (-2 + 20).
-12
What is 1 - (6 + -1 + 2) - -10?
4
Calculate -13 + 2 - -17 - (1 - -17 - 0).
-12
What is the value of (164 - 160) + (-12 - -47)?
39
What is -7 - (2 - 0 - 0 - (3 + 2))?
-4
(30 - 32) + -1 + (0 - 8)
-11
What is the value of -19 + 7 + (-4 - -6) + 8?
-2
Evaluate (-7 - 6) + (4 - -6) + 6.
3
29 - 13 - 19 - (-3 + -1)
1
What is -6 + 3 + (-8 - -5) - (6 + -1)?
-11
What is the value of -9 - (7 - (14 - -3)) - 0?
1
What is the value of (-33 + 2 - -30) + -2 + 10?
7
What is the value of (-18 - -14) + 16 - 12?
0
Evaluate (30 - 36) + -10 + 7.
-9
Calculate (-6 - -6 - 2) + -2 + -4.
-8
What is 26 - (-9 + (30 - 6 - 7) + -9)?
27
(147 - 158) + (17 - 0)
6
Calculate 5 - (-13 + 31 - 26).
13
What is the value of -11 + (7 - -2 - (-6 - 22))?
26
-15 + 12 + 1 + (-11 - 0)
-13
What is the value of 25 - 19 - (12 - 1 - (-1 + -2))?
-8
5 - 2 - (6 + 2)
-5
Evaluate (9 - -2) + -16 + 21 + -13.
3
Evaluate -18 - (8 + 14 + -18 + 5).
-27
What is the value of -9 + 5 + -1 + 11?
6
What is the value of -6 + 3 + (-1 - 2) + -5 + 0?
-11
Evaluate -65 - (34 + (1 - 64)).
-36
Evaluate -27 + 22 + 4 - (-9 - -2).
6
-5 + -4 + (-2 - -8) + 4 + 4
5
What is the value of (8 - (4 + 1 + -4)) + (8 - 0)?
15
What is 16 + (24 - 10 - 35)?
-5
-1 + 0 + -1 + (-6 - (-10 + 5))
-3
Evaluate 1 + 11 - (-6 + (-2 - 0)).
20
Calculate (-24 - -22) + -2 + (0 - 10).
-14
Calculate -85 - -94 - ((-5 - -3) + -12).
23
What is 24 - (1 + -2 + 5 + 80 + -95)?
35
What is -17 - (7 + -54 + 28)?
2
-6 + 7 - -3 - (7 - -8)
-11
What is 2 + 2 - 4 - (17 - 13)?
-4
Calculate (-5 - -2) + 11 + 2.
10
What is -22 - (-1 + -5) - (-55 + 62)?
-23
(-107 - (-162 + 81)) + (8 - (2 + -1))
-19
What is the value of (-1 - 5) + (-16 - (-15 - (5 - 13)))?
-15
Evaluate (5 - (1 + 2)) + -5.
-3
What is the value of 2 - ((-45 - -44) + (-1 - -3))?
1
What is -1 + 1 + (-1 - -1 - (5 - -5))?
-10
Calculate 30 + -2 + (-25 - -8).
11
Evaluate -20 + 2 + (3 - 0 - 6) + 4.
-17
What is -22 - (23 + -12 + -14)?
-19
What is -6 - -16 - (-16 + 25)?
1
What is the value of -5 + -4 + 16 + (4 - 18)?
-7
What is the value of -4 + -4 - 14 - -8 - -6?
-8
What is -9 + -5 + 33 + -35?
-16
(-9 - -25) + -39 + 13
-10
What is (14 - -4 - 17 - -9) + 15?
25
What is the value of -5 - -2 - (-217 + 178 - (0 + -17))?
19
What is -35 - -10 - (3 - 49)?
21
Evaluate 19 + -5 + -4 + -10 + 0 + -15.
-15
Evaluate -7 - (-7 + -15 - 5).
20
1 - (16 - 4 - 13)
2
What is the value of 2 - 2 - (-40 - -42)?
-2
Evaluate 0 + (-11 - 2 - -15) - (-3 + 11).
-6
-11 + (0 + 0 + -8 - -9) + -7
-17
What is the value of -22 - (-4 + 9 + -20 + 19)?
-26
What is the value of (-2 - (-1 - (-5 + 1) - 5)) + -5?
-5
What is 1 + (-1 - (-17 - -8)) - -7?
16
(5 + -5 - 5 - -3) + -3 - -1
-4
Calculate 62 - 48 - (5 + 1 - -1).
7
19 + (3 - (4 + -3)) + -8
13
(-21 - (-51 + 33)) + -30
-33
What is the value of -18 + (2 + 0 - (-2 - -4 - 6))?
-12
Calculate -2 + -31 + (173 - 157).
-17
Evaluate 1 + 3 + (-6 - (-8 + 1)).
5
Calculate 27 - ((-3 - (-7 + -6)) + -1).
18
What is 3 - (-8 - (7 - 11 - -22))?
29
What is (-1 - 0 - 1) + (-10 - (22 + -34))?
0
What is the value of 11 + (9 - (-17 + 9) - (8 + -1))?
21
What is -24 + (50 - 33) + 29?
22
Evaluate 262 + -270 - (1 + 6).
-15
17 + -14 + -5 + (-4 - 1)
-7
-16 - (-29 - (-44 + 13))
-18
What is the value of (11 - 0) + -22 + 6 + 17 + -8?
4
(2 + -1 + 6 - (0 + 1)) + 3
9
Evaluate 3 + -11 - (-27 - (-5 - 15)).
-1
Evaluate 3 - (-7 + (1 - (-5 + 8))).
12
Calculate 33 - 30 - (1 + 10) - -4.
-4
What is the value of (7 - (5 + -6)) + -8 + 5?
5
Calculate -3 - -1 - (-21 + (-6 - (8 + -22))).
11
Calculate (1 - (-7 + 3)) + (1 - 0) - -3.
9
Evaluate 9 + 1 + (121 - 118) - 11.
2
What is the value of 1 - 22 - (44 - 81 - -28)?
-12
Calculate 1381 + -1374 - (2 + -1 - -6).
0
107 - 100 - (0 + 6)
1
Calculate -4 - -5 - ((-1 - 3) + -4).
9
What is the value of -5 + 43 + -7 + -19?
12
What is (0 - 0) + -1 + (-2 + -2 - -13)?
8
-1 - -22 - (18 - (6 - -12))
21
-7 + (4 - (-3 + 8) - -31 - 7)
16
-24 + (-20 + -2 - -27)
-19
What is -22 - (-14 + 32 + -24)?
-16
7 + (-6 - (32 - 6 - 10))
-15
What is (-2470 - -2434) + 21 + -1?
-16
Evaluate -13 - (-6 + (-2 - 6) - 16).
17
What is the value of 3 + 6 + -9 + 6 - 9 - 3?
-6
What is 7 + (-10 - (1 + (6 + -9 - -8)))?
-9
What is -36 - (-66 - 16) - 32?
14
2471 - 2488 - (-35 + 0)
18
Calculate (2 - 8) + (2 + -2 - (-14 + 13)).
-5
Evaluate (13 - 5) + (-17 - -3 - -5).
-1
Evaluate (-1 - -3 - (-6 + (5 - -15))) + 0.
-12
What is (-6 - -6) + 9 - (-2 - 3)?
14
0 - (-10 + 13 - 1)
-2
Calculate -23 + -1 + (-240 - -289).
25
Calculate 18 + -59 + 17 + 9.
-15
Evaluate (-1 + 6 + -6 - 2) + 14 + 1.
12
What is 7 + -2 + -2 + 1 + 11 + -15?
0
What is 13 + -15 - 7 - -10 - (2 + 1)?
-2
Calculate 16 + 2 + -3 - (-26 - -32).
9
Calculate -12 + (-3 + -2 - (-73 - -36)).
20
(5 - -1) + -14 + (36 - 23) - -6
11
Evaluate -13 - ((-5 - -13) + 2 - 8).
-15
What is the value of -2 + (-4 - (3 - (-7 + 3)))?
-13
What is -2 + 3 - (-44 - -52)?
-7
Evaluate (32 - 42) + 20 + (-5 + 0 - 0).
5
-13 + 1 - (-32 - -29)
-9
(1 + -2 - 2) + (13 + -9 - 9)
-8
What